{"id":372,"date":"2021-05-08T16:37:10","date_gmt":"2021-05-08T16:37:10","guid":{"rendered":"https:\/\/gopirates.se\/?page_id=372"},"modified":"2025-10-08T17:15:08","modified_gmt":"2025-10-08T17:15:08","slug":"bli-sponsor","status":"publish","type":"page","link":"https:\/\/gopirates.se\/?page_id=372","title":{"rendered":"BLI SPONSOR"},"content":{"rendered":"\n<h2 class=\"wp-block-heading has-text-align-center\">Vill du bli en i Piratesfamiljen? V\u00e4lkommen!<\/h2>\n\n\n<div class=\"wp-block-image\">\n<figure class=\"aligncenter size-full is-resized\"><img loading=\"lazy\" decoding=\"async\" width=\"512\" height=\"512\" src=\"http:\/\/gopirates.se\/wp-content\/uploads\/2021\/05\/favicon.png\" alt=\"\" class=\"wp-image-506\" style=\"width:400px;height:400px\"\/><\/figure>\n<\/div>\n\n\n<h2 class=\"wp-block-heading\">Bli st\u00f6dmedlem<br><\/h2>\n\n\n\n<p><strong><a href=\"https:\/\/entry.sportadmin.se\/groupsOverview?uid=DpyOT_\" target=\"_blank\" rel=\"noreferrer noopener\">Via den h\u00e4r l\u00e4nken<\/a><\/strong> kan du bli st\u00f6dmedlem! Klicka p\u00e5 l\u00e4nken, scrolla ner lite och v\u00e4lj &#8221;St\u00f6dmedlemmar&#8221; klicka d\u00e4refter p\u00e5 &#8221;Till anm\u00e4lan&#8221; l\u00e4ngst till h\u00f6ger.<br><br><\/p>\n\n\n\n<hr class=\"wp-block-separator has-alpha-channel-opacity\"\/>\n\n\n\n<h2 class=\"wp-block-heading\">St\u00f6tta Pirates med valfritt belopp<\/h2>\n\n\n\n<p><br><strong><a href=\"https:\/\/insamling.sportadmin.se\/f\/trelleborg-pirates\/322\" target=\"_blank\" rel=\"noreferrer noopener\">Via den h\u00e4r l\u00e4nken<\/a><\/strong> kan du v\u00e4lja att st\u00f6tta Pirates med valfritt belopp, vi tackar och bugar, ditt bidrag g\u00f6r stor skillnad!<\/p>\n\n\n\n<hr class=\"wp-block-separator has-alpha-channel-opacity\"\/>\n\n\n\n<h2 class=\"wp-block-heading\">Pirates loppis<\/h2>\n\n\n\n<p>V\u00e5r loppis ligger p\u00e5 Maskingatan 22. Vi tar g\u00e4rna emot hela och rena saker och kl\u00e4der. <\/p>\n\n\n\n<hr class=\"wp-block-separator has-css-opacity is-style-default\"\/>\n\n\n\n<h2 class=\"wp-block-heading\">V\u00e5ra sponsorpaket<\/h2>\n\n\n\n<p><br>1 &#8211; Er logo med l\u00e4nk p\u00e5 v\u00e5r hemsida och skylt p\u00e5 v\u00e4ggen i V\u00e4sterv\u00e5ngshallen<br><br>2 &#8211; Er logo i mindre format p\u00e5 matchkl\u00e4der f\u00f6r hela klubben<br><br>3 &#8211; Er logo i st\u00f6rre format p\u00e5 matchkl\u00e4der f\u00f6r hela klubben<br><br>4 &#8211; Er logo p\u00e5 uppv\u00e4rmningstr\u00f6ja f\u00f6r ett lag en hel s\u00e4song<br><\/p>\n\n\n\n<h2 class=\"wp-block-heading\">Vi ser fram emot att samarbeta!<br><\/h2>\n\n\n\n<div class=\"wp-block-columns is-layout-flex wp-container-core-columns-is-layout-9d6595d7 wp-block-columns-is-layout-flex\">\n<div class=\"wp-block-column is-layout-flow wp-block-column-is-layout-flow\" style=\"flex-basis:33.33%\">\n<p><strong>Mejla eller ring oss!<\/strong><\/p>\n\n\n\n<p><br><a href=\"mailto:felix@gopirates.se\" target=\"_blank\" rel=\"noreferrer noopener\">jl@gopirates.se<\/a><br><br>0739 78 71 21<\/p>\n<\/div>\n\n\n\n<div class=\"wp-block-column is-layout-flow wp-block-column-is-layout-flow\" style=\"flex-basis:66.66%\"><\/div>\n<\/div>\n\n\n\n<p><\/p>\n","protected":false},"excerpt":{"rendered":"<p>Vill du bli en i Piratesfamiljen? V\u00e4lkommen! Bli st\u00f6dmedlem Via den h\u00e4r l\u00e4nken kan du bli st\u00f6dmedlem! Klicka p\u00e5 l\u00e4nken, scrolla ner lite och v\u00e4lj &#8221;St\u00f6dmedlemmar&#8221; klicka d\u00e4refter p\u00e5 &#8221;Till anm\u00e4lan&#8221; l\u00e4ngst till h\u00f6ger. St\u00f6tta Pirates med valfritt belopp Via den h\u00e4r l\u00e4nken kan du v\u00e4lja att st\u00f6tta Pirates med valfritt belopp, vi tackar och [&hellip;]<\/p>\n","protected":false},"author":1,"featured_media":0,"parent":0,"menu_order":0,"comment_status":"closed","ping_status":"closed","template":"","meta":{"footnotes":""},"class_list":["post-372","page","type-page","status-publish","hentry"],"_links":{"self":[{"href":"https:\/\/gopirates.se\/index.php?rest_route=\/wp\/v2\/pages\/372","targetHints":{"allow":["GET"]}}],"collection":[{"href":"https:\/\/gopirates.se\/index.php?rest_route=\/wp\/v2\/pages"}],"about":[{"href":"https:\/\/gopirates.se\/index.php?rest_route=\/wp\/v2\/types\/page"}],"author":[{"embeddable":true,"href":"https:\/\/gopirates.se\/index.php?rest_route=\/wp\/v2\/users\/1"}],"replies":[{"embeddable":true,"href":"https:\/\/gopirates.se\/index.php?rest_route=%2Fwp%2Fv2%2Fcomments&post=372"}],"version-history":[{"count":81,"href":"https:\/\/gopirates.se\/index.php?rest_route=\/wp\/v2\/pages\/372\/revisions"}],"predecessor-version":[{"id":3301,"href":"https:\/\/gopirates.se\/index.php?rest_route=\/wp\/v2\/pages\/372\/revisions\/3301"}],"wp:attachment":[{"href":"https:\/\/gopirates.se\/index.php?rest_route=%2Fwp%2Fv2%2Fmedia&parent=372"}],"curies":[{"name":"wp","href":"https:\/\/api.w.org\/{rel}","templated":true}]}}