{"id":2503,"date":"2024-07-04T20:48:11","date_gmt":"2024-07-04T20:48:11","guid":{"rendered":"https:\/\/gopirates.se\/?page_id=2503"},"modified":"2025-08-25T18:35:31","modified_gmt":"2025-08-25T18:35:31","slug":"bollkul","status":"publish","type":"page","link":"https:\/\/gopirates.se\/?page_id=2503","title":{"rendered":"BOLLKUL 4-7 \u00c5R"},"content":{"rendered":"\n<div class=\"wp-block-columns is-layout-flex wp-container-core-columns-is-layout-9d6595d7 wp-block-columns-is-layout-flex\">\n<div class=\"wp-block-column is-layout-flow wp-block-column-is-layout-flow\" style=\"flex-basis:33.33%\">\n<p><strong>Bollkul 4-7 \u00e5r<\/strong><br>Alla barn mellan 4 och 7 \u00e5r \u00e4r v\u00e4lkomma till V\u00e4sterv\u00e5ngshallen tillsammans med sina f\u00f6r\u00e4ldrar f\u00f6r att ha roligt tillsammans med fokus p\u00e5 lek och r\u00f6rlighet!<br><br><strong><a href=\"https:\/\/entry.sportadmin.se\/groupsOverview?uid=DpyOT_\" target=\"_blank\" rel=\"noreferrer noopener\">Anm\u00e4lan g\u00f6rs h\u00e4r!<\/a><\/strong><br>V\u00e4lj &#8221;Junior&#8221; sedan &#8221;Bollkul&#8221;. <br><br>Coach Bollkul <br><strong>Karin Boijertz<\/strong><br><a href=\"mailto:kb@gopirates.se\">kb@gopirates.se<\/a><\/p>\n\n\n\n<figure class=\"wp-block-image size-full\"><img loading=\"lazy\" decoding=\"async\" width=\"250\" height=\"250\" src=\"http:\/\/gopirates.se\/wp-content\/uploads\/2021\/07\/Karin_Boijertz.jpg\" alt=\"\" class=\"wp-image-1310\" srcset=\"https:\/\/gopirates.se\/wp-content\/uploads\/2021\/07\/Karin_Boijertz.jpg 250w, https:\/\/gopirates.se\/wp-content\/uploads\/2021\/07\/Karin_Boijertz-150x150.jpg 150w\" sizes=\"auto, (max-width: 250px) 100vw, 250px\" \/><\/figure>\n\n\n\n<p><br><br><br>Varmt v\u00e4lkomna till Pirates!<\/p>\n<\/div>\n\n\n\n<div class=\"wp-block-column is-layout-flow wp-block-column-is-layout-flow\" style=\"flex-basis:66.66%\"><div class=\"wp-block-image\">\n<figure class=\"alignright size-full\"><img loading=\"lazy\" decoding=\"async\" width=\"500\" height=\"500\" src=\"https:\/\/gopirates.se\/wp-content\/uploads\/2024\/07\/Bollkul-2024.jpg\" alt=\"\" class=\"wp-image-2506\" srcset=\"https:\/\/gopirates.se\/wp-content\/uploads\/2024\/07\/Bollkul-2024.jpg 500w, https:\/\/gopirates.se\/wp-content\/uploads\/2024\/07\/Bollkul-2024-150x150.jpg 150w\" sizes=\"auto, (max-width: 500px) 100vw, 500px\" \/><\/figure>\n<\/div><\/div>\n<\/div>\n","protected":false},"excerpt":{"rendered":"<p>Bollkul 4-7 \u00e5rAlla barn mellan 4 och 7 \u00e5r \u00e4r v\u00e4lkomma till V\u00e4sterv\u00e5ngshallen tillsammans med sina f\u00f6r\u00e4ldrar f\u00f6r att ha roligt tillsammans med fokus p\u00e5 lek och r\u00f6rlighet! Anm\u00e4lan g\u00f6rs h\u00e4r!V\u00e4lj &#8221;Junior&#8221; sedan &#8221;Bollkul&#8221;. Coach Bollkul Karin Boijertzkb@gopirates.se Varmt v\u00e4lkomna till Pirates!<\/p>\n","protected":false},"author":1,"featured_media":0,"parent":0,"menu_order":0,"comment_status":"closed","ping_status":"closed","template":"","meta":{"footnotes":""},"class_list":["post-2503","page","type-page","status-publish","hentry"],"_links":{"self":[{"href":"https:\/\/gopirates.se\/index.php?rest_route=\/wp\/v2\/pages\/2503","targetHints":{"allow":["GET"]}}],"collection":[{"href":"https:\/\/gopirates.se\/index.php?rest_route=\/wp\/v2\/pages"}],"about":[{"href":"https:\/\/gopirates.se\/index.php?rest_route=\/wp\/v2\/types\/page"}],"author":[{"embeddable":true,"href":"https:\/\/gopirates.se\/index.php?rest_route=\/wp\/v2\/users\/1"}],"replies":[{"embeddable":true,"href":"https:\/\/gopirates.se\/index.php?rest_route=%2Fwp%2Fv2%2Fcomments&post=2503"}],"version-history":[{"count":13,"href":"https:\/\/gopirates.se\/index.php?rest_route=\/wp\/v2\/pages\/2503\/revisions"}],"predecessor-version":[{"id":3179,"href":"https:\/\/gopirates.se\/index.php?rest_route=\/wp\/v2\/pages\/2503\/revisions\/3179"}],"wp:attachment":[{"href":"https:\/\/gopirates.se\/index.php?rest_route=%2Fwp%2Fv2%2Fmedia&parent=2503"}],"curies":[{"name":"wp","href":"https:\/\/api.w.org\/{rel}","templated":true}]}}